er when l is divided by 25?
24
Let h = -310 + 408. What is the remainder when h is divided by 13?
7
Suppose 5*v - 263 = 3*k, 3*v - 3*k - 124 = 35. What is the remainder when 207 is divided by v?
51
Suppose i = -p + 26, -48 - 36 = -4*i + p. What is the remainder when 238 is divided by i?
18
Let p(d) = -d**3 + 9*d**2 + 23*d - 3. Let s be p(11). Suppose -2*j - 1045 = -5*f, 12 + s = -4*j. Calculate the remainder when f is divided by 35.
32
Let p = 22 + -12. Suppose 2*i + 5*k - 9 = 0, -2 - 3 = -4*i + 3*k. Suppose 0*a = i*a - 74. Calculate the remainder when a is divided by p.
7
Suppose 1173 = -32*p + 49*p. Calculate the remainder when 131 is divided by p.
62
Suppose -5*j + 35 = -25. What is the remainder when (-6)/9 + 2720/j is divided by 38?
36
Let r(l) = 7*l - 2. Let d be r(1). Suppose -4*m - 88 = -d*m. Calculate the remainder when m is divided by 30.
28
Let a = 82 - 58. Let c = a - 21. Suppose -30 = 3*n - 8*n. What is the remainder when n is divided by c?
0
Let v(d) = 2*d**2 + 4 - 7 - 2*d + 11*d**3 - 4*d**3 + 4. Let j be v(1). Suppose -88 = -j*s + 4*s. What is the remainder when s is divided by 8?
6
Let v be (36/(-16))/((-1)/(-4)). Let l = v - 1. Let j = 3 - l. What is the remainder when 24 is divided by j?
11
Suppose 2*p - h - 3909 = 1073, -2498 = -p + 4*h. Calculate the remainder when p is divided by 28.
26
Let s(c) = -11*c**3 + 2*c**2 - 7*c + 3. Let x(k) = 21*k**3 - 4*k**2 + 13*k - 6. Let w(v) = 5*s(v) + 3*x(v). What is the remainder when 16 is divided by w(1)?
2
Let o be 1216/10 - (1 - (-21)/(-15)). Suppose 0*h - h - o = -5*x, 3*x + 3*h - 84 = 0. Calculate the remainder when x is divided by 14.
11
Suppose -34 = -m - 3*l + 5*l, 31 = m + l. Calculate the remainder when 108 is divided by m.
12
Suppose 0 = 35*q - 28*q - 392. What is the remainder when q is divided by 29?
27
What is the remainder when 7 - -446*6/12 is divided by 39?
35
Let b be 48/26 - 20/(-130). Calculate the remainder when -7*((-27)/b + 6/12) is divided by 26.
13
Suppose 0 = -2*z + 6*z - 72. Let k be (0 - 0 - 1)/(2/50). Let y = k - -32. Calculate the remainder when z is divided by y.
4
Suppose -44*b + 40*b = 232. Let j = b - -107. What is the remainder when 95 is divided by j?
46
Let w(j) = 5*j**2 + 2*j + 2. Let x be w(-1). Suppose 334 - 94 = x*i. Calculate the remainder when 27 is divided by i/((-8)/(-2)) - -3.
12
Let h = 3 - -2. Let l be 38/8 - 9/(-36). Suppose 2*w - 10 = -r, -18 = l*r + 3*w - 75. What is the remainder when r is divided by h?
2
Suppose -2 = 2*y, -3*o = -y - 3*y - 232. Let p = 81 - o. Calculate the remainder when 13 is divided by p.
3
Suppose -x + 29 = 3*p + 10, 0 = x + 4*p - 24. Suppose x*y - 4 = 12. Suppose -20 = -y*k - 0*k. Calculate the remainder when 7 is divided by k.
2
Calculate the remainder when (-62)/((-112)/21 + 5) is divided by 27.
24
Suppose 27 = 3*y + 24. What is the remainder when (195/(10/(-2)))/(y - 2) is divided by 20?
19
Let v(i) = -35*i**3 - 3*i**2 + 4*i + 3. Calculate the remainder when v(-2) is divided by 11.
10
Let o = 5 - 31. Let f = o - -77. Calculate the remainder when f is divided by 14.
9
Suppose b = 2*u + 73, -133 - 197 = -5*b + 3*u. What is the remainder when b is divided by (-64)/6*6/(-4)?
15
Suppose -91 + 118 = 9*a. Suppose -3*j - 48 = -6*j. Calculate the remainder when j is divided by a.
1
Calculate the remainder when (-47)/47*(-26)/4*92 is divided by 12.
10
Suppose 58*j - 62*j + 220 = 0. What is the remainder when j is divided by 14?
13
Suppose 5*s - s = -3*p + 22, 2*s + 4*p - 16 = 0. Suppose s*k + k = 20. Suppose -3*n - 1 + k = 0. What is the remainder when 1 is divided by n?
0
Let b = -8 - -8. Suppose 5*c - 122 = 3*g, 0 = -b*c + 4*c - 5*g - 95. Suppose -o - 2*o = v - 35, 0 = 5*o - c. What is the remainder when 57 is divided by v?
17
Suppose 5*u = v - 6*v, 0 = -u - 2*v - 4. Suppose u + 14 = 6*p. Calculate the remainder when p is divided by (1 - -2)/((-1)/(-1)).
0
Let n(g) = g**2 - 9*g - 39. Calculate the remainder when (1 + 63/(-2))*-2 is divided by n(13).
9
Let o(t) = -5*t - 17. Let z be o(-6). Suppose -2*f - 3 + z = 0. What is the remainder when 18 is divided by f?
3
Let s = 3 + 16. Suppose 2*a + 2*a - 4*l = 24, 0 = -a - l. Suppose -4*k - a*i + 231 = 0, 248 = 4*k - 2*i + 42. Calculate the remainder when k is divided by s.
16
Let c(l) = -32*l - 26. Let p(o) = 11*o + 9. Let y(j) = -6*c(j) - 17*p(j). Calculate the remainder when (-2)/3*1*-21 is divided by y(1).
6
Suppose -4*f + 204 = 3*s, 5*f = 5*s + 339 - 84. What is the remainder when (-6)/f - (-631)/17 is divided by 13?
11
Suppose 2*d + 2*k + 56 = 0, 0 = 4*d - 3*k + 8*k + 108. Let n = -93 + 152. Let p = n + d. What is the remainder when p is divided by 15?
12
Suppose 0 = -4*x + 15 + 169. Let r = x - 30. What is the remainder when r is divided by -4*((-9)/2)/3?
4
Let n = -14 + 24. What is the remainder when (-9)/15 - (-616)/n is divided by 16?
13
Suppose -5*w = -w - 8. Suppose w*l + 39 = -l. Let x(z) = -2*z + 1. What is the remainder when x(l) is divided by 14?
13
Suppose -54 = -2*g - g. Calculate the remainder when g is divided by 6 + (12/2)/((-6)/(-4)).
8
Suppose -2*g - 308 = -2*k, -k - g + 139 = 3*g. Calculate the remainder when k is divided by 27.
16
Calculate the remainder when 40 is divided by (2/3)/((-21)/((-1764)/8)).
5
Let z(g) = 28*g. Let t be z(1). Let d = 30 - t. Calculate the remainder when 6 is divided by d.
0
Suppose -58*s - 323 = -77*s. What is the remainder when 689 is divided by s?
9
Calculate the remainder when (-6538)/(-63) + -5 + (-6)/(-27) is divided by 27.
18
Suppose 5*z - 4*h = 691, 0*h - 695 = -5*z + 5*h. Let o = -3614 + 3637. Calculate the remainder when z is divided by o.
20
Suppose 18 = -8*i + 14*i. Calculate the remainder when 47 is divided by i.
2
Let m(a) = 3*a**3 + 17*a**2 + 9*a. Let z(f) = f**3 + 7*f**2 + 6*f + 7. What is the remainder when z(-6) is divided by m(-5)?
2
Suppose 0 = 7*w - 10*w + 4*b + 164, 76 = w + 4*b. Let v = -36 - -52. What is the remainder when w is divided by v?
12
Suppose 114*i - 464 = 106*i. What is the remainder when i is divided by 12?
10
Suppose -5*q - 4*p + 223 = 0, -2*q - 2*p + 35 + 55 = 0. Suppose -4*x + 109 = y, -5*x - 4*y = -q - 85. What is the remainder when 139 is divided by x?
27
Suppose -4*u - 85 = 379. Let z = -69 - u. Calculate the remainder when z is divided by 17.
13
Suppose 15 = 5*q - 2*a, -3*q + 2*a + 2*a = -9. Suppose -q*g + 96 = -3*t, -g - t = -3*g + 61. What is the remainder when 55 is divided by g?
26
Suppose -3*x + 554 + 772 = 0. Calculate the remainder when x is divided by 12.
10
Suppose 7*q - 5*q = 86. Suppose 0 = -3*l + 5 + 4. Suppose 35 = l*h - q. Calculate the remainder when h is divided by 9.
8
Let v = 20 + 19. What is the remainder when (1 + v + -3)*1 is divided by 13?
11
Let x be ((-16)/4 - -1) + 5. Let s(m) = 3*m**x + m + 7*m**2 - 5*m**2 + 11*m**3 - 6*m**2. What is the remainder when 20 is divided by s(1)?
9
Let p(q) = q**3 + 15. Let u(h) = -h**3 + 7*h**2 - 6*h - 5. Let m be u(6). Let a = m - -11. Calculate the remainder when p(0) is divided by a.
3
Let l = 1103 + -1088. What is the remainder when l is divided by 6?
3
Suppose -6*s - 7*s = -5*s. Suppose s*a + a = c + 13, 0 = -c - 4. What is the remainder when 14 is divided by a?
5
Suppose 778 = 5*z + 2*p, 11*p - 7*p = 3*z - 446. Suppose -20*s + 6*s + z = 0. Calculate the remainder when 34 is divided by s.
1
Let a = 232 - 176. What is the remainder when a is divided by 9?
2
Suppose 0 = 3*t - 4 - 26. Let q(g) = -575*g - 1686. What is the remainder when q(-3) is divided by t?
9
Let u be 2 + -2 - -1 - -38. Let i be 7/(-4)*6*20/10. Let h = u + i. What is the remainder when 51 is divided by h?
15
Let b(d) = -9*d + 5. What is the remainder when b(-8) is divided by 16?
13
Let h(b) = 67*b**3 - 7*b**2 + 9*b - 2. What is the remainder when 68 is divided by h(1)?
1
Calculate the remainder when 58 - 55 - ((-364)/(-2))/(-2) is divided by 25.
19
Let n(a) = -a + 16. Let j be n(11). Suppose -5*y + 200 = j*u, 4*u - 45 = -3*y + 77. Calculate the remainder when y is divided by 21.
17
Let m(u) = -u**2 - 34*u - 59. Calculate the remainder when 101 is divided by m(-32).
1
Suppose 0 = -5*a - 0*a + 190. Let n be (-70)/(-4) - 6/(-4). Suppose -4*p + 21 = -n. Calculate the remainder when a is divided by p.
8
Let x(u) = -u**2 + 12*u + 31. Calculate the remainder w